44?
4
What is the tens digit of 53093532?
3
What is the millions digit of 204369493?
4
What is the hundreds digit of 338297716?
7
What is the tens digit of 106196574?
7
What is the units digit of 87177546?
6
What is the hundred thousands digit of 199283553?
2
What is the hundred thousands digit of 579387781?
3
What is the units digit of 2169251894?
4
What is the tens digit of 662236655?
5
What is the thousands digit of 12768938?
8
What is the ten thousands digit of 113777485?
7
What is the hundred thousands digit of 1050331126?
3
What is the thousands digit of 209296416?
6
What is the units digit of 50145247?
7
What is the units digit of 3512209352?
2
What is the tens digit of 546962174?
7
What is the units digit of 496614?
4
What is the ten thousands digit of 269760958?
6
What is the ten thousands digit of 139318642?
1
What is the thousands digit of 44949416?
9
What is the hundreds digit of 157088638?
6
What is the hundred thousands digit of 108524828?
5
What is the hundreds digit of 225638095?
0
What is the ten millions digit of 442204890?
4
What is the millions digit of 503450657?
3
What is the units digit of 242214323?
3
What is the ten thousands digit of 133974306?
7
What is the millions digit of 97911945?
7
What is the hundred millions digit of 2889720071?
8
What is the hundred millions digit of 2417945629?
4
What is the ten millions digit of 178874361?
7
What is the hundred millions digit of 9181568181?
1
What is the thousands digit of 229344171?
4
What is the hundred millions digit of 958765811?
9
What is the tens digit of 335613264?
6
What is the tens digit of 584542136?
3
What is the tens digit of 79716379?
7
What is the units digit of 2678147102?
2
What is the ten millions digit of 1158117386?
5
What is the ten millions digit of 40634170?
4
What is the millions digit of 44782725?
4
What is the thousands digit of 1801773794?
3
What is the hundred thousands digit of 1802753726?
7
What is the units digit of 3364031158?
8
What is the hundreds digit of 1363959145?
1
What is the ten thousands digit of 378158372?
5
What is the ten thousands digit of 43160204?
6
What is the hundred thousands digit of 825437007?
4
What is the ten thousands digit of 81396987?
9
What is the hundreds digit of 7245403?
4
What is the units digit of 40715684?
4
What is the hundred thousands digit of 63146478?
1
What is the hundreds digit of 139147166?
1
What is the hundred millions digit of 2585614202?
5
What is the tens digit of 286797120?
2
What is the thousands digit of 611525702?
5
What is the tens digit of 2899047064?
6
What is the hundreds digit of 89679711?
7
What is the ten millions digit of 474855664?
7
What is the hundred thousands digit of 262853860?
8
What is the hundreds digit of 151000863?
8
What is the billions digit of 1343295875?
1
What is the units digit of 69395721?
1
What is the tens digit of 2840359166?
6
What is the hundred millions digit of 1981887091?
9
What is the thousands digit of 3027664960?
4
What is the units digit of 106654527?
7
What is the hundreds digit of 14511726?
7
What is the units digit of 25715993?
3
What is the thousands digit of 399243?
9
What is the hundred thousands digit of 1053980529?
9
What is the hundreds digit of 344892418?
4
What is the units digit of 22158050?
0
What is the ten millions digit of 131061304?
3
What is the hundreds digit of 92522198?
1
What is the hundred thousands digit of 1824722531?
7
What is the thousands digit of 989882385?
2
What is the millions digit of 29298714?
9
What is the millions digit of 58496696?
8
What is the ten thousands digit of 54145436?
4
What is the tens digit of 1859085971?
7
What is the ten millions digit of 24099496?
2
What is the ten millions digit of 83472632?
8
What is the millions digit of 1099215415?
9
What is the hundreds digit of 205369115?
1
What is the ten thousands digit of 9691357?
9
What is the thousands digit of 62465292?
5
What is the thousands digit of 126603297?
3
What is the hundreds digit of 3291931736?
7
What is the units digit of 296320281?
1
What is the billions digit of 1588143556?
1
What is the thousands digit of 94447312?
7
What is the ten thousands digit of 80022619?
2
What is the tens digit of 63836597?
9
What is the units digit of 1698305890?
0
What is the hundreds digit of 31302184?
1
What is the billions digit of 4314323769?
4
What is the ten millions digit of 273318808?
7
What is the hundreds digit of 43841914?
9
What is the hundreds digit of 159669439?
4
What is the units digit of 141886472?
2
What is the units digit of 1640604597?
7
What is the thousands digit of 160095679?
5
What is the millions digit of 2837537265?
7
What is the units digit of 490888022?
2
What is the hundreds digit of 120537572?
5
What is the thousands digit of 155916450?
6
What is the ten millions digit of 735937675?
3
What is the units digit of 21610374?
4
What is the ten thousands digit of 735598179?
9
What is the millions digit of 2474912684?
4
What is the hundreds digit of 29719325?
3
What is the units digit of 1535585066?
6
What is the thousands digit of 2363688191?
8
What is the millions digit of 8833654?
8
What is the millions digit of 2448901124?
8
What is the tens digit of 9887231?
3
What is the ten thousands digit of 2297881712?
8
What is the ten millions digit of 38330082?
3
What is the ten millions digit of 2033074455?
3
What is the tens digit of 92154321?
2
What is the ten millions digit of 5741411050?
4
What is the ten thousands digit of 185673415?
7
What is the tens digit of 77284166?
6
What is the millions digit of 642707549?
2
What is the thousands digit of 4489897791?
7
What is the millions digit of 1589183375?
9
What is the units digit of 1856368491?
1
What is the tens digit of 22069867?
6
What is the tens digit of 347609526?
2
What is the hundreds digit of 676414899?
8
What is the hundreds digit of 58662623?
6
What is the millions digit of 290692316?
0
What is the ten thousands digit of 48439891?
3
What is the hundreds digit of 249065798?
7
What is the ten millions digit of 145502919?
4
What is the ten thousands digit of 4253205254?
0
What is the ten thousands digit of 200590895?
9
What is the thousands digit of 26165369?
5
What is the tens digit of 2653748114?
1
What is the millions digit of 3701993889?
1
What is the hundreds digit of 793692995?
9
What is the tens digit of 1498300550?
5
What is the units digit of 1245828739?
9
What is the tens digit of 77759588?
8
What is the ten millions digit of 246868294?
4
What is the hundreds digit of 1436844438?
4
What is the ten thousands digit of 349102710?
0
What is the hundred millions digit of 533887257?
5
What is the hundred millions digit of 7392253763?
3
What is the hundreds digit of 90733968?
9
What is the ten millions digit of 3261597876?
6
What is the units digit of 543696740?
0
What is the thousands digit of 3742219769?
9
What is the ten millions digit of 67248668?
6
What is the hundred thousands digit of 30675146?
6
What is the ten millions digit of 244130036?
4
What is the hundreds digit of 408684439?
4
What is the millions digit of 45552011?
5
What is the ten millions digit of 307119836?
0
What is the hundred thousands digit of 475606465?
6
What is the hundreds digit of 5687392570?
5
What is the thousands digit of 52449624?
9
What is the ten thousands digit of 55096018?
9
What is the hundred thousands digit of 31720553?
7
What is the billions digit of 1148048683?
1
What is the units digit of 772747700?
0
What is the millions digit of 498758322?
8
What is the billions digit of 2928624157?
2
What is the ten millions digit of 586400729?
8
What is the ten thousands digit of 107949709?
4
What is the tens digit of 201493193?
9
What is the ten thousands digit of 333129313?
2
What is the thousands digit of 119011176?
1
What is the hundred millions digit of 2216007293?
2
What is the hundred millions digit of 198898835?
1
What is the hundred millions digit of 1919862936?
9
What is the hundred thousands digit of 107801696?
8
What is the ten millions digit of 70959675?
7
What is the hundred millions digit of 264143977?
2
What is the hundred thousands digit of 142475874?
4
What is the units digit of 439498475?
5
What is the ten millions digit of 99193153?
9
What is the hundred millions digit of 206397660?
2